{"id":2,"date":"2016-04-27T03:35:31","date_gmt":"2016-04-27T03:35:31","guid":{"rendered":"http:\/\/wp451m.a10-52-158-154.qa.plesk.ru\/wordpress\/?page_id=2"},"modified":"2023-10-30T21:15:33","modified_gmt":"2023-10-30T20:15:33","slug":"sample-page","status":"publish","type":"page","link":"http:\/\/wfw.hottenstein.de\/?page_id=2","title":{"rendered":"Alles \u00fcber uns"},"content":{"rendered":"\n<p>Wir sind Autorinnen und Autoren, die gemeinsam im Autorenkreis &#8222;Wort f\u00fcr Wort&#8220; schreiben.<\/p>\n\n\n\n<p>Ulrike Boblitz, Sabine Hartmann (<a rel=\"noopener\" href=\"http:\/\/www.sabine-hartmann-sibbesse.de\" target=\"_blank\">Link<\/a>), Diana Naumann, Suntje Sander, Laurena Hust.<\/p>\n\n\n\n<figure class=\"wp-block-image size-large\"><img decoding=\"async\" loading=\"lazy\" width=\"1024\" height=\"491\" src=\"http:\/\/wfw.hottenstein.de\/wp-content\/uploads\/2021\/03\/logo-2021-1024x491.jpg\" alt=\"\" class=\"wp-image-806\" srcset=\"http:\/\/wfw.hottenstein.de\/wp-content\/uploads\/2021\/03\/logo-2021-1024x491.jpg 1024w, http:\/\/wfw.hottenstein.de\/wp-content\/uploads\/2021\/03\/logo-2021-300x144.jpg 300w, http:\/\/wfw.hottenstein.de\/wp-content\/uploads\/2021\/03\/logo-2021-768x368.jpg 768w, http:\/\/wfw.hottenstein.de\/wp-content\/uploads\/2021\/03\/logo-2021.jpg 1088w\" sizes=\"(max-width: 1024px) 100vw, 1024px\" \/><\/figure>\n\n\n\n<p>In diesem Blog finden Sie alles, was uns so bewegt. Unsere Aktivit\u00e4ten, unsere Themen, Ideen usw.<\/p>\n\n\n\n<p>Wir haben uns zu Beispiel ausf\u00fchrlich mit Drachen besch\u00e4ftigt und so finden Sie hier auch alles rund um Drachen, das wir zusammengetragen haben.<\/p>\n\n\n\n<ul>\n<li>Drachenb\u00fccher<\/li>\n\n\n\n<li>Fakten aus der Welt der Drachenforschung<\/li>\n\n\n\n<li>Aktivit\u00e4ten mit Drachen<\/li>\n<\/ul>\n\n\n\n<p>Viel Vergn\u00fcgen beim St\u00f6bern.<\/p>\n\n\n\n<p>Schauen Sie doch mal nach unserer Anthologie &#8222;<a href=\"http:\/\/shop.hottenstein.de\/product_info.php?info=p58_drachenfluege.html&amp;XTCsid=fr3jlmdk4oj7ne7i6r88oonp47\">Drachenfl\u00fcge<\/a>&#8222;.<\/p>\n\n\n\n<p>Alle unsere Ver\u00f6ffentlichungen finden Sie beim <a href=\"http:\/\/www.hottenstein.de\">Hottenstein Buchverlag<\/a><\/p>\n","protected":false},"excerpt":{"rendered":"<p>Wir sind Autorinnen und Autoren, die gemeinsam im Autorenkreis &#8222;Wort f\u00fcr Wort&#8220; schreiben. Ulrike Boblitz, Sabine Hartmann (Link), Diana Naumann, Suntje Sander, Laurena Hust. In diesem Blog finden Sie alles, was uns so bewegt. Unsere Aktivit\u00e4ten, unsere Themen, Ideen usw. Wir haben uns zu Beispiel ausf\u00fchrlich mit Drachen besch\u00e4ftigt und so finden Sie hier auch [&hellip;]<\/p>\n","protected":false},"author":1,"featured_media":0,"parent":0,"menu_order":0,"comment_status":"closed","ping_status":"open","template":"","meta":[],"_links":{"self":[{"href":"http:\/\/wfw.hottenstein.de\/index.php?rest_route=\/wp\/v2\/pages\/2"}],"collection":[{"href":"http:\/\/wfw.hottenstein.de\/index.php?rest_route=\/wp\/v2\/pages"}],"about":[{"href":"http:\/\/wfw.hottenstein.de\/index.php?rest_route=\/wp\/v2\/types\/page"}],"author":[{"embeddable":true,"href":"http:\/\/wfw.hottenstein.de\/index.php?rest_route=\/wp\/v2\/users\/1"}],"replies":[{"embeddable":true,"href":"http:\/\/wfw.hottenstein.de\/index.php?rest_route=%2Fwp%2Fv2%2Fcomments&post=2"}],"version-history":[{"count":10,"href":"http:\/\/wfw.hottenstein.de\/index.php?rest_route=\/wp\/v2\/pages\/2\/revisions"}],"predecessor-version":[{"id":933,"href":"http:\/\/wfw.hottenstein.de\/index.php?rest_route=\/wp\/v2\/pages\/2\/revisions\/933"}],"wp:attachment":[{"href":"http:\/\/wfw.hottenstein.de\/index.php?rest_route=%2Fwp%2Fv2%2Fmedia&parent=2"}],"curies":[{"name":"wp","href":"https:\/\/api.w.org\/{rel}","templated":true}]}}